y(5). Let f = x - -3. What is the tens digit of f?
3
Suppose 7*f - 5*f = 38. What is the units digit of f?
9
Suppose -18*n + 4188 - 246 = 0. What is the tens digit of n?
1
Let i = 17 - 5. Suppose -3*b + 6 = -5*b, -l - i = 5*b. Suppose 48 = 2*m - 4*r, -9 - l = 3*r. What is the tens digit of m?
1
Let d(z) = -z + 6. Let k be d(6). Let w = -12 + 17. Suppose -w*c + 3*l + 24 = k, 4*c = -3*l + 3 - 0. What is the units digit of c?
3
Let f = 53 - 24. What is the tens digit of f?
2
Suppose -5*l + 4 = -0*l - 4*v, 3 = -2*l - 3*v. Suppose t + q + 8 = l, 3*q = -t - 5 - 1. What is the units digit of 2 + (t - -2)*-1?
9
Let g(o) = o**2 + o - 4. Let p be g(-6). Let w = p - 1. What is the tens digit of w?
2
Let a(s) = -3*s + 1. Let l(o) = 4*o - 1. Let q(f) = -6*a(f) - 7*l(f). Let n(g) = 51*g - 5. Let i(x) = -2*n(x) - 11*q(x). What is the units digit of i(1)?
7
Suppose 210 = 5*o - 25. What is the units digit of o?
7
Suppose 0*u - 6*u + 66 = 0. What is the tens digit of u?
1
What is the tens digit of -4 + 41 + (-2 - 0)?
3
Let u(w) = w**2 - 12*w - 5. Let o be u(7). Let g = -6 - o. Suppose 2*z = 4*z - g. What is the tens digit of z?
1
Let h = -55 + 27. Let l = h - -48. What is the tens digit of l?
2
Let n = 8 - 19. Let a = 26 + n. What is the tens digit of a?
1
Let a = 14 + -9. Suppose -a*j + 5 = -m, 0 = -m - 4*j + 19 + 12. What is the tens digit of m?
1
Suppose -z = 4 - 0. Let t(c) = 3*c**2 - 3*c - 9. What is the tens digit of t(z)?
5
Suppose 4*b - 1 = 3*b, 4*k + 7 = -b. Let a(j) = -12*j + 1. Let x(w) = 11*w - 1. Let s(o) = -5*a(o) - 6*x(o). What is the tens digit of s(k)?
1
Let o = -79 + 111. Suppose 5*b + 85 = 5*w, 0 = -2*w + 4*b - b + o. What is the tens digit of w?
1
Suppose -4*a = g - 18, -6*g - 3*a = -4*g - 21. Let z be 92/g - 3/9. Suppose 4*p - z = 13. What is the units digit of p?
7
Let r(n) = -n**2 + n + 53. What is the units digit of r(0)?
3
Let f(t) = 8*t - 9. What is the units digit of f(5)?
1
Let j(o) = 2*o**2 + 3*o + 69. What is the units digit of j(0)?
9
Suppose 2*m - 27 = -m. Suppose 3*h - 2*k - m = 0, -2*k - k - 11 = -4*h. Let d(v) = v + 4. What is the units digit of d(h)?
9
Suppose -5*h + 0 = b + 2, -4*b - 3*h = 8. Suppose -55 = -3*f - 16. Let u = f - b. What is the units digit of u?
5
Suppose -118 - 379 = -3*j + 2*h, 363 = 2*j + 5*h. What is the tens digit of j?
6
Let q = -9 - -12. Suppose 5*p + 5*m = 75, 0 = p - q*p + 5*m + 9. What is the tens digit of p?
1
Suppose -1 = -h + 1. Suppose d + h = -4*v, v + 0*v = 3*d - 20. What is the units digit of d?
6
Let s(g) = g + 14. Let h be s(-10). Suppose -2*l = -q - h, -2*l = q - 0*l - 4. Suppose w = -3*j + 2*j + 8, q = -2*j + 5*w - 12. What is the units digit of j?
4
Let o(b) be the third derivative of b**4/24 + 2*b**2. Let s be o(4). Suppose s*a = 2*f + 24, 0 = -3*f + f. What is the units digit of a?
6
Suppose -4*f = 3*l - 16, -10 = -4*l - 2*f - 2. Suppose l = u + 3*u - 84. What is the tens digit of u?
2
Suppose g = -s + 368, 2*s + 9*g = 8*g + 737. What is the hundreds digit of s?
3
Let o(g) = g**3 + 5*g**2 - 2*g - 4. Suppose -u - 11 = p + 2*u, -4*p = 4*u + 28. Let a be o(p). Let t = -1 + a. What is the units digit of t?
5
Suppose -3*p = -8*p + 5. What is the units digit of p/(3/(-66)*-2)?
1
Let l(w) = -2*w**2 + 7*w + 10. Let u be l(7). Let q = u + 59. What is the units digit of q?
0
Suppose -g + 4*i = 0, -5*g + 0*i + 3*i + 51 = 0. Suppose -4*v = -3*q - 13, g = 5*v - q - 18. What is the units digit of v?
7
Let t(b) = 2*b - b - b**2 - 3 + 4. Let r(g) = -g**3 - g**2 + g - 2. Let u be r(-2). What is the units digit of t(u)?
1
Suppose -2*m - 5*f - 10 = 0, 3*m - f + 28 = -2*f. Let p = m - -16. What is the units digit of p?
6
Let l(a) = -a**3 - 2*a**2 + 1. Let z be l(-2). What is the units digit of (21 - z) + (-11 - -9)?
8
Suppose 2*n + n - 2*l = -4, 5*n + 10 = 4*l. Suppose u = v + 1 + n, -4*u = -2*v - 10. Suppose 5*o = u*o + 15. What is the units digit of o?
5
Let c(v) = -v - 1. Let d be c(1). Let a be (3 + -2)*(-6)/d. Suppose -a*w = w - 44. What is the tens digit of w?
1
Suppose 5*m - 2*a = 440, 3*m + m - 2*a = 354. What is the units digit of m?
6
Let l(f) = f**2 + 8*f - 4. Suppose 0 = -y - 4*y - 45. What is the units digit of l(y)?
5
Let r = 54 - 38. Suppose g = 3*d + r, -d = 3*g - 6 - 2. What is the units digit of g?
4
Suppose -6 - 10 = 4*x. Let i be (x/10)/(4/(-240)). Let v = i - 14. What is the tens digit of v?
1
Let f = -3 - -5. Suppose -v + 0*a = -5*a - 21, 3*v - f*a = 37. Let k = v + -9. What is the units digit of k?
2
Let g(b) = 68*b**2 - 2*b + 1. What is the units digit of g(1)?
7
Suppose 4*t = 3*p + 2 + 2, -t - 5*p = -24. What is the tens digit of 254/6 + t/6?
4
What is the units digit of (-3)/(-9)*23*6?
6
Suppose 5*c + 35 = p, -3*p - 5*c + 215 = p. What is the units digit of p?
0
Let f be -7 - (0 - -2) - -3. What is the units digit of 1/3 + (-34)/f?
6
Suppose -2 = 3*m - x - 1, 0 = -m + 5*x - 19. Let q = -28 - m. Let t = q + 45. What is the tens digit of t?
1
Suppose -5*p - a + 48 = 0, -p + 5*a = 3 + 3. What is the units digit of p?
9
Let a = 24 - -62. Let t = a + -52. What is the tens digit of t?
3
Let m(i) = i**2 + 2. Let u = 4 - 4. What is the units digit of m(u)?
2
Let k(j) = -j**2 + 4*j - 1. Let y be k(2). Suppose 0 = 5*a - 33 + y. Let c = 8 - a. What is the units digit of c?
2
What is the units digit of (0 + -1)/((2 - 4)/616)?
8
Let v be 1/(-6) + (-4)/(-24). Suppose q + 4*q - 25 = v. Let u = q + -3. What is the units digit of u?
2
Let l = 110 + -57. What is the units digit of l?
3
Let y = 1 + -2. Let x(i) = -5*i**3 - 2*i**2 - i. Let c be x(y). Let o = c - -7. What is the tens digit of o?
1
Suppose 35 + 1 = -2*a. Let n be (-4)/(-18) + 4/a. Suppose n = 3*s + k - 11, 2*k + 1 = -1. What is the units digit of s?
4
Let v(a) = 1. Let g(b) = b - 35. Let l(p) = -g(p) - 3*v(p). What is the units digit of l(-13)?
5
Suppose 2*r - 92 = -2*b, 2*r + b = 4*b + 92. What is the units digit of r?
6
Let r(i) = i + 269. What is the hundreds digit of r(0)?
2
Let o = 63 + -30. Let k = o + 3. What is the units digit of k?
6
Let h(s) be the second derivative of s**4/12 + s**3 - 7*s**2/2 - 2*s. Suppose -2*b - 3*f = -0*f + 16, b = -f - 8. What is the units digit of h(b)?
9
Suppose -y = -2*y. Let q = 1 - -3. Suppose -j + 4*x + 21 = y, x + q = -2*j + 1. What is the units digit of j?
1
Let t = -21 - -41. Suppose -2 = -5*h + 8. Suppose 2*k = -h*k + t. What is the units digit of k?
5
Let k(z) = -z**3 - 15*z**2 + 27*z - 27. What is the tens digit of k(-17)?
9
Let l = 38 - -31. What is the tens digit of l?
6
Let b = 9 - 6. Let c(k) = -2 - k + 6*k + 3*k**2 - k**b - 2*k + 0*k**2. What is the units digit of c(3)?
7
Suppose 2*g = -4*u + 26, -u + 0*u + 3*g - 4 = 0. Suppose 5*y = 3*i - 0*y + 5, -u*i + y - 1 = 0. What is the units digit of (-1 + i)*24/(-3)?
8
Suppose 0 = -r + 2*d - 5, 2*d - 6*d + 15 = -3*r. Suppose -3*j = -4*j - 11. Let q = r - j. What is the units digit of q?
6
Suppose 2*t + 42 = -5*y, 0 = -3*t - 3*y + 5*y - 25. Let s = 19 - t. What is the tens digit of s?
3
Let b = -8 + 10. Suppose -3*k + 12 = 3, 0 = -x + 2*k. Suppose -5*y - b*z - 2*z + 40 = 0, -4*y + 2*z + x = 0. What is the units digit of y?
4
Suppose 33 = -3*a + 12. Let q = a + 2. Let g = 15 + q. What is the units digit of g?
0
Let n = 11 + -12. Let f be n/(-10)*12*-5. Let o = f - -13. What is the units digit of o?
7
Let h(j) be the first derivative of j**3/3 - 2*j**2 - 6*j + 1. What is the units digit of h(6)?
6
Let r(i) be the first derivative of i**4/4 - 2*i**3/3 - 7*i**2/2 + 6*i + 21. Let b(o) = o + 2. Let g be b(2). What is the units digit of r(g)?
0
Suppose -50 = -5*m + 5. Suppose -5 = -2*j + m. What is the units digit of j?
8
Let s(w) = -4*w - 12. What is the tens digit of s(-8)?
2
Let h = 10 + -10. Suppose -m + 4*n = -63, 5*n + 0 + 5 = h. What is the units digit of m?
9
Suppose -2*y - y = -15, 0 = 3*c + 2*y - 79. What is the units digit of c?
3
Let u(s) = -s - 5. Let p be u(0). Let a = p - -6. What is the units digit of a?
1
Let c(v) = -22*v**3 - 2*v - 3. What is the tens digit of c(-1)?
2
Suppose 0 = 2*g - 17 - 19. What is the units digit of g?
8
Let g = 21 + -15. What is the units digit of g?
6
Let m be (2/5)/((-4)/(-80)). Let o = -5 + m. Suppose o*q = -0*q + 6. What is the units digit of q?
2
Suppose -c = 4*o - 270, 12*o - 1413 = -5*c + 13*o. Wh